e the highest common factor of w and t.
17
Let k = -4 + 7. Let s = -29 + 50. Suppose u - s = -6*u. Calculate the highest common factor of k and u.
3
Let b(f) = -f**3 + 6*f**2 + 65*f + 20. Let j be b(-8). What is the highest common factor of j and 126?
18
Suppose 3*b - 65 = -l + 31, 0 = 5*b + 3*l - 164. What is the greatest common divisor of b and 62?
31
Let y = -74 + 80. Suppose -101 = -5*t - y. Calculate the highest common factor of 57 and t.
19
Let s = 1389 + -1014. What is the highest common factor of s and 15?
15
Let r(a) = -15*a**2 - 2*a + 1. Let w be r(-2). Let c be (w*2)/(4/(-2)). What is the highest common factor of 5 and c?
5
Let g be 156/(-546)*(-28)/(-2) + 298. Calculate the greatest common divisor of g and 24.
6
Let d be 1/(-6) + 2 + 2/12. Suppose -d*v + 114 = -0*v. Calculate the highest common divisor of v and 19.
19
Suppose 45 = 7*b - 2*b. Suppose 114 = -5*d + 8*d. Suppose y = -11 + d. What is the greatest common divisor of b and y?
9
Suppose -74*t - 11*t + 29920 = 0. Calculate the highest common factor of 121 and t.
11
Let v be (-408)/(-108) - (-2)/9. Suppose -33 = -v*w + w. What is the highest common factor of 88 and w?
11
Let j be 21*(-4)/6*-3. Let y be 9/(-2)*8/(-6). Let h(s) = 10*s - 32. Let d be h(y). What is the greatest common factor of d and j?
14
Suppose -3*t + 5*t = 5*r - 410, r = 5*t + 105. Let q be 27 + (-6)/((-12)/(-14)). Calculate the greatest common factor of q and r.
20
Suppose -t + 3*t - 18 = 0. Let q be (-6)/(-12)*9*6*3. Calculate the greatest common divisor of t and q.
9
Suppose 8*f - 3024 = -19*f. Calculate the greatest common divisor of 7 and f.
7
Let o(a) = -a**3 + 3*a**2 + a + 2. Let u be o(2). Let z be 20/(-15)*-3 + u. What is the greatest common factor of z and 12?
12
Let w = -5 - -39. Let h = -22 + w. What is the greatest common divisor of 18 and h?
6
Let u(m) be the third derivative of 19*m**4/24 - 25*m**3/6 - 25*m**2. Let z be u(7). Calculate the highest common divisor of z and 72.
36
Let u be 19*1*(-2 - -3). Let o = 25088 + -25069. Calculate the greatest common factor of o and u.
19
Let g = 80 - 55. Let x(w) = -w**3 - 7*w**2 - w + 4. Let y be x(-9). What is the highest common factor of g and y?
25
Let s be (-6)/2 - ((-42)/3 - 2). What is the highest common divisor of s and 13?
13
Suppose -24 = -m - 3*m. Suppose -154 + 546 = 4*z. Let p = z - 74. Calculate the greatest common factor of m and p.
6
Let u = 0 - -5. Let d be ((-18)/u)/((-7)/210). Suppose -3*f + f = -d. What is the greatest common divisor of f and 135?
27
Suppose 0 = -3*d + 30 + 18. Suppose 5*n - 2*j + 20 = 0, 2*n + n + 12 = j. Let s be (-236)/(-6) - n/6. Calculate the greatest common divisor of s and d.
8
Let a(p) = -p**3 - 2*p + 18. Let v(j) = -j**2 - 11*j - 10. Let f be v(-10). Let m be a(f). What is the greatest common factor of m and 126?
18
Suppose -7*v = 3*s - 2*v - 384, -4*s + 3*v = -541. What is the highest common divisor of s and 7?
7
Let m = 5014 + -3430. What is the highest common divisor of m and 8?
8
Let c be 42 - ((1 - -1) + -6). Suppose 2*s - 5*x - c = -3, -3*x = -3*s + 42. What is the highest common factor of s and 18?
9
Suppose 0*g + 5*g + 2*k - 336 = 0, 5*g + 3*k - 339 = 0. Suppose z + g = -142. Let a = 400 + z. What is the highest common divisor of a and 24?
24
Suppose -42 = -11*k + 10*k. Suppose 0 = 3*l - 5*a - 23, 0 = 3*l - a + 6*a + 17. Let b = 7 - l. Calculate the greatest common divisor of b and k.
6
Suppose -5*g - 42 = -2*o - g, 2*o - 5*g = 45. Suppose 4 = 7*p - 17. What is the highest common factor of p and o?
3
Let j be (56 - 6)*((-2)/1 - -4). Let g = -9 - -29. What is the greatest common divisor of j and g?
20
Let n(r) = -32*r - 2. Let v be n(-6). Suppose 0 = 10*d + 246 - 1006. Calculate the greatest common factor of d and v.
38
Let f(t) = -3*t - 10. Let u be f(-5). Suppose -3*x + u*m = -195, 4 = 4*x + 2*m - 282. Calculate the highest common divisor of 28 and x.
14
Suppose -5*v + 6*v - 4 = 0. Let m be -5*(v + 132/(-20)). Calculate the greatest common divisor of 52 and m.
13
Let w be 10/1 - 2690/(-10). Calculate the highest common factor of w and 1488.
93
Let v(p) be the second derivative of 5*p**3/6 + p**2/2 - 4*p. Let n be v(1). Let r = 62 - n. Calculate the highest common factor of r and 14.
14
Suppose -7 - 4 = -d. Suppose -5*i = -25, 5*m + 84*i = 88*i + 35. What is the greatest common divisor of m and d?
11
Let j(c) = c**2 + 6*c - 16. Let d be j(-8). Suppose -12*h + 8*h + 176 = d. Let m = 24 + -13. What is the highest common factor of m and h?
11
Suppose 6*r = -233 + 257. Suppose 0*y - 68 = -3*l + 5*y, 0 = 3*l + y - 44. What is the greatest common divisor of r and l?
4
Let y(f) = -2*f**3 - 13*f**2 - 5*f + 23. Let l be y(-6). What is the highest common divisor of 391 and l?
17
Let h be (-31)/(310/24)*20/(-3). What is the highest common divisor of h and 112?
16
Let h be ((-182)/39)/(2 + (-520)/255). Calculate the greatest common divisor of h and 357.
119
Let s(y) = 4*y - 7. Let t be s(3). Suppose 0 = t*b - 0*b - 10. What is the greatest common factor of 3 and b?
1
Suppose -641 = 5*x - 1831. Let d(o) = -o + 17. Let q be d(11). Suppose -a + q*a = -3*w + 373, 2*w - x = 2*a. What is the greatest common divisor of 11 and w?
11
Let r(c) = 3*c**3 + 30*c**2 - 13*c - 5. Let t be r(-10). Calculate the highest common factor of t and 225.
25
Suppose -2*h - 12*f + 17*f = -120, 2*h - 4*f = 120. Calculate the greatest common factor of h and 570.
30
Let a(w) = -w**3 + 11*w**2 - 7*w + 4. Let o be a(4). Suppose 0 = -3*l + 13 + 11. Calculate the greatest common divisor of o and l.
8
Let y = 360 - 340. What is the greatest common factor of y and 55?
5
Let v be -3 - 6*2/4. Let n = -2 - v. Suppose 2*j = 3*b - 170, 2*b - 3*j = n*b - 109. What is the highest common divisor of 8 and b?
8
Let n be ((-18)/24)/(27/(-24) - -1). What is the highest common factor of 102 and n?
6
Let a(t) = t**3 + 9*t**2 + 6*t - 2. Let q be a(-8). What is the greatest common factor of 28 and q?
14
Let f = 299 + -291. Calculate the greatest common factor of f and 256.
8
Let w be (-64)/6*18/(-4). Let j(h) = -h**3 + 12*h**2 - 13*h - 5. Let q be j(10). Suppose 0 = 2*o + 1 - q. Calculate the greatest common factor of w and o.
16
Suppose -4*x + 0 - 4 = 0. Let c be 185/10 - (9/6 + x). Calculate the highest common factor of 162 and c.
18
Suppose -6*o + 11*o = -4*q + 1746, 5*q + 5*o - 2180 = 0. Calculate the greatest common factor of 70 and q.
14
Let y = 42 + -23. Suppose -4*g + 141 + y = 0. Let t(s) = s**3 + 7*s**2 + 5. Let q be t(-7). Calculate the highest common divisor of g and q.
5
Let m(t) = -8*t + 3. Let n be m(-5). Let j(c) = 42*c**3 + c**2 + 4*c - 4. Let x be j(1). What is the highest common divisor of n and x?
43
Let a = 95 + -99. Let b be a/(13/234*(-1)/4). Calculate the greatest common divisor of b and 36.
36
Suppose -5*h + 2*h = -123. Let a be (4/18 - (-58)/(-18)) + h. Let k be -1 + (-2 + 62)/3. Calculate the greatest common factor of a and k.
19
Let c(h) = 2*h**2 + 12*h + 29. Let s be c(-8). Calculate the greatest common divisor of 4 and s.
1
Let o = 33 + -44. Let k = o - -26. What is the greatest common factor of k and 10?
5
Suppose -4*f + 35 = -0*y - 3*y, -2*f = -y - 15. Let t be 35 + (y - -2) - 2. Let r = 3 - -3. Calculate the highest common divisor of r and t.
6
Suppose -2*t + 5*f = f + 126, 4*f - 4 = 0. Let w = 71 + t. Calculate the greatest common factor of 50 and w.
10
Suppose -5*z + 4*w = 1293, 0*w + 4*w - 8 = 0. Let d = 480 + z. Let s = d + -103. What is the greatest common divisor of s and 48?
24
Suppose -2*g + 7*f + 188 = 11*f, g = 4*f + 82. Let j be g/14 - (17/7 + -3). Calculate the highest common divisor of j and 77.
7
Let b(f) = 7*f**2 + f. Let g be b(2). Calculate the highest common factor of g and 20.
10
Let r(n) = 4 - 7*n - 5 + 65*n**2 + 6 + 3*n. Let m be r(1). Calculate the greatest common factor of 6 and m.
6
Suppose 4*h = 2*f + 56, h - 1 - 20 = -3*f. Let a be (-8)/20 - (-2976)/h. What is the greatest common factor of a and 22?
22
Let l = -49 - -119. Calculate the highest common factor of l and 770.
70
Suppose -2*u = 4*l - 2346, 3*u = -3*l + 7*l - 2361. What is the highest common factor of 420 and l?
84
Suppose -6*a - 16 = -52. Calculate the greatest common factor of a and 54.
6
Suppose -27*o = -30*o + 561. Calculate the highest c